{"id":259,"date":"2023-06-24T19:32:22","date_gmt":"2023-06-24T17:32:22","guid":{"rendered":"https:\/\/lesesseppes.fr\/?page_id=259"},"modified":"2023-07-08T22:39:59","modified_gmt":"2023-07-08T20:39:59","slug":"temoignages","status":"publish","type":"page","link":"https:\/\/lesesseppes.fr\/index.php\/temoignages\/","title":{"rendered":"T\u00e9moignages"},"content":{"rendered":"\n<p><\/p>\n\n\n\n<h1 class=\"wp-block-heading\" style=\"font-size:50px\">TEMOIGNAGES<\/h1>\n\n\n\n<p style=\"font-size:26px\">D\u00e9couvrez les t\u00e9moignages de nos vacanciers, enchant\u00e9s par leurs vacances et le rapport qualit\u00e9\/prix de nos maisons . Leurs avis refl\u00e8tent l&rsquo;exp\u00e9rience de s\u00e9jour agr\u00e9able qu&rsquo;ils ont v\u00e9cus, entre un confort douillet et un cadre agr\u00e9able. Laissez-vous guider par leurs mots et r\u00e9servez d\u00e8s maintenant pour profiter vous aussi de ces moments de bien-\u00eatre et de d\u00e9tente.<\/p>\n\n\n\n<p>T\u00e9moignages recueillis pour  nos maisons et issus du site cl\u00e9vacances<\/p>\n\n\n\n<div class=\"wp-block-uagb-container uagb-block-beff2a35 alignfull uagb-is-root-container\"><div class=\"uagb-container-inner-blocks-wrap\">\n<div class=\"wp-block-uagb-container uagb-block-577152bb\">\n<div class=\"wp-block-uagb-info-box uagb-block-958a5b74 uagb-infobox__content-wrap  uagb-infobox-icon-above-title uagb-infobox-image-valign-top\"><div class=\"uagb-ifb-content\"><div class=\"uagb-ifb-title-wrap\"><h3 class=\"uagb-ifb-title\">10\/10<\/h3><\/div><div class=\"uagb-ifb-separator\"><\/div><p class=\"uagb-ifb-desc\">\u00ab\u00a0Une merveilleuse semaine dans cette charmante maison de p\u00eacheurs. Tout y est parfait : emplacement, confort, d\u00e9co, jardin!\u00a0\u00bb<\/p><\/div><\/div>\n<\/div>\n\n\n\n<div class=\"wp-block-uagb-container uagb-block-cd950c14\">\n<div class=\"wp-block-uagb-info-box uagb-block-31f8e314 uagb-infobox__content-wrap  uagb-infobox-icon-above-title uagb-infobox-image-valign-top\"><div class=\"uagb-ifb-content\"><div class=\"uagb-ifb-title-wrap\"><h3 class=\"uagb-ifb-title\">9\/10<\/h3><\/div><div class=\"uagb-ifb-separator\"><\/div><p class=\"uagb-ifb-desc\">\u00ab\u00a0Superbe s\u00e9jour dans cette petite maison tr\u00e8s confortable, bien agenc\u00e9e, bien situ\u00e9e sur l&rsquo;\u00eele pour rayonner \u00e0 v\u00e9lo.\u00a0\u00bb<\/p><\/div><\/div>\n<\/div>\n\n\n\n<div class=\"wp-block-uagb-container uagb-block-65ac0385\">\n<div class=\"wp-block-uagb-info-box uagb-block-c7b5243d uagb-infobox__content-wrap  uagb-infobox-icon-above-title uagb-infobox-image-valign-top\"><div class=\"uagb-ifb-content\"><div class=\"uagb-ifb-title-wrap\"><h3 class=\"uagb-ifb-title\">10\/10<\/h3><\/div><div class=\"uagb-ifb-separator\"><\/div><p class=\"uagb-ifb-desc\">\u00ab\u00a0Nous rentrons d&rsquo;un s\u00e9jour de 14 nuits. Belle prestation, tout y est: le charme, le calme, la situation avec les commerces tout proches.\u00a0\u00bb<\/p><\/div><\/div>\n<\/div>\n<\/div><\/div>\n\n\n\n<div class=\"wp-block-uagb-container uagb-block-bc377737 alignfull uagb-is-root-container\"><div class=\"uagb-container-inner-blocks-wrap\">\n<div class=\"wp-block-uagb-container uagb-block-13cb8b16\">\n<div class=\"wp-block-uagb-info-box uagb-block-712dfe99 uagb-infobox__content-wrap  uagb-infobox-icon-above-title uagb-infobox-image-valign-top\"><div class=\"uagb-ifb-content\"><div class=\"uagb-ifb-title-wrap\"><h3 class=\"uagb-ifb-title\">10\/10<\/h3><\/div><div class=\"uagb-ifb-separator\"><\/div><p class=\"uagb-ifb-desc\">S\u00e9jour agr\u00e9able dans une maison spacieuse tr\u00e8s bien \u00e9quip\u00e9e, proche  plages et des commerces, literie tr\u00e8s confortable<\/p><\/div><\/div>\n<\/div>\n\n\n\n<div class=\"wp-block-uagb-container uagb-block-53cbb2c3\">\n<div class=\"wp-block-uagb-info-box uagb-block-bbbe23f0 uagb-infobox__content-wrap  uagb-infobox-icon-above-title uagb-infobox-image-valign-top\"><div class=\"uagb-ifb-content\"><div class=\"uagb-ifb-title-wrap\"><h3 class=\"uagb-ifb-title\">10\/10<\/h3><\/div><div class=\"uagb-ifb-separator\"><\/div><p class=\"uagb-ifb-desc\">Parfait- excellent s\u00e9jour pass\u00e9 en famille dans cette villa spacieuse, fonctionnelle ou rien ne manquait id\u00e9alement situ\u00e9e sur L &lsquo;ile &#8230;&#8230;<\/p><\/div><\/div>\n<\/div>\n\n\n\n<div class=\"wp-block-uagb-container uagb-block-2559cd61\">\n<div class=\"wp-block-uagb-info-box uagb-block-6d194c46 uagb-infobox__content-wrap  uagb-infobox-icon-above-title uagb-infobox-image-valign-top\"><div class=\"uagb-ifb-content\"><div class=\"uagb-ifb-title-wrap\"><h3 class=\"uagb-ifb-title\">9\/10<\/h3><\/div><div class=\"uagb-ifb-separator\"><\/div><p class=\"uagb-ifb-desc\">Superbe WE, maison id\u00e9ale pour famille et parfaitement adapt\u00e9e fauteuil roulant &#8230;..<\/p><\/div><\/div>\n<\/div>\n<\/div><\/div>\n\n\n\n<div class=\"wp-block-uagb-container uagb-block-1181d430 alignfull uagb-is-root-container\"><div class=\"uagb-container-inner-blocks-wrap\">\n<div class=\"wp-block-uagb-container uagb-block-acad2c93\">\n<div class=\"wp-block-uagb-info-box uagb-block-f8f37d4a uagb-infobox__content-wrap  uagb-infobox-icon-above-title uagb-infobox-image-valign-top\"><div class=\"uagb-ifb-content\"><div class=\"uagb-ifb-title-wrap\"><h3 class=\"uagb-ifb-title\">10\/10<\/h3><\/div><div class=\"uagb-ifb-separator\"><\/div><p class=\"uagb-ifb-desc\">Location propre et tr\u00e8s bien \u00e9quip\u00e9e tant \u00e0 <br>l&rsquo; int\u00e9rieur qu&rsquo;a l&rsquo;ext\u00e9rieur. Nous avons pass\u00e9 un superbe WE<\/p><\/div><\/div>\n<\/div>\n\n\n\n<div class=\"wp-block-uagb-container uagb-block-28dc75f7\">\n<div class=\"wp-block-uagb-info-box uagb-block-b046b282 uagb-infobox__content-wrap  uagb-infobox-icon-above-title uagb-infobox-image-valign-top\"><div class=\"uagb-ifb-content\"><div class=\"uagb-ifb-title-wrap\"><h3 class=\"uagb-ifb-title\">9\/10<\/h3><\/div><div class=\"uagb-ifb-separator\"><\/div><p class=\"uagb-ifb-desc\">Maison tr\u00e8s agr\u00e9able ou chacun peut trouver son espace. Tout est fait our rendre le s\u00e9jour agr\u00e9able il \u00e0 \u00e9t\u00e9 tr\u00e8s agr\u00e9able<\/p><\/div><\/div>\n<\/div>\n\n\n\n<div class=\"wp-block-uagb-container uagb-block-3a18fdc1\">\n<div class=\"wp-block-uagb-info-box uagb-block-10784fa8 uagb-infobox__content-wrap  uagb-infobox-icon-above-title uagb-infobox-image-valign-top\"><div class=\"uagb-ifb-content\"><div class=\"uagb-ifb-title-wrap\"><h3 class=\"uagb-ifb-title\">10\/10<\/h3><\/div><div class=\"uagb-ifb-separator\"><\/div><p class=\"uagb-ifb-desc\">Deux \u00e9t\u00e9s aussi Esseppes! Que du bonheur! Maison superbe tout y est parfait il ne manque rien pour le confort des h\u00f4tes<\/p><\/div><\/div>\n<\/div>\n<\/div><\/div>\n\n\n\n<p style=\"font-size:25px\">Plus d&rsquo;avis ? <a href=\"https:\/\/www.clevacances.com\/fr\/locationvacances\/paysdelaloire\/vendee\/lepine-34547\/villa_ideale_pour_une_grande_famille_sur_lile_de_noirmoutier_\/24903#avis-titre\" title=\"\">voir le site cl\u00e9vacances<\/a>    <a href=\"https:\/\/www.clevacances.com\/fr\/locationvacances\/paysdelaloire\/vendee\/lepine-34547\/maison_de_pecheur_dans_le_bourg_de_lepine_sur_lile_de_noirmoutier\/61809#avis-titre\" title=\"\">et aussi<\/a><\/p>\n","protected":false},"excerpt":{"rendered":"<p>TEMOIGNAGES D\u00e9couvrez les t\u00e9moignages de nos vacanciers, enchant\u00e9s par leurs vacances et le rapport qualit\u00e9\/prix de nos maisons . Leurs avis refl\u00e8tent l&rsquo;exp\u00e9rience de s\u00e9jour agr\u00e9able qu&rsquo;ils ont v\u00e9cus, entre [&hellip;]<\/p>\n","protected":false},"author":1,"featured_media":0,"parent":0,"menu_order":0,"comment_status":"closed","ping_status":"closed","template":"","meta":{"_uag_custom_page_level_css":"","_monsterinsights_skip_tracking":false,"_monsterinsights_sitenote_active":false,"_monsterinsights_sitenote_note":"","_monsterinsights_sitenote_category":0,"site-sidebar-layout":"default","site-content-layout":"default","ast-site-content-layout":"default","site-content-style":"default","site-sidebar-style":"default","ast-global-header-display":"","ast-banner-title-visibility":"","ast-main-header-display":"","ast-hfb-above-header-display":"","ast-hfb-below-header-display":"","ast-hfb-mobile-header-display":"","site-post-title":"disabled","ast-breadcrumbs-content":"","ast-featured-img":"","footer-sml-layout":"","theme-transparent-header-meta":"default","adv-header-id-meta":"","stick-header-meta":"","header-above-stick-meta":"","header-main-stick-meta":"","header-below-stick-meta":"","astra-migrate-meta-layouts":"default","ast-page-background-enabled":"default","ast-page-background-meta":{"desktop":{"background-color":"var(--ast-global-color-4)","background-image":"","background-repeat":"repeat","background-position":"center center","background-size":"auto","background-attachment":"scroll","background-type":"","background-media":"","overlay-type":"","overlay-color":"","overlay-opacity":"","overlay-gradient":""},"tablet":{"background-color":"","background-image":"","background-repeat":"repeat","background-position":"center center","background-size":"auto","background-attachment":"scroll","background-type":"","background-media":"","overlay-type":"","overlay-color":"","overlay-opacity":"","overlay-gradient":""},"mobile":{"background-color":"","background-image":"","background-repeat":"repeat","background-position":"center center","background-size":"auto","background-attachment":"scroll","background-type":"","background-media":"","overlay-type":"","overlay-color":"","overlay-opacity":"","overlay-gradient":""}},"ast-content-background-meta":{"desktop":{"background-color":"var(--ast-global-color-5)","background-image":"","background-repeat":"repeat","background-position":"center center","background-size":"auto","background-attachment":"scroll","background-type":"","background-media":"","overlay-type":"","overlay-color":"","overlay-opacity":"","overlay-gradient":""},"tablet":{"background-color":"var(--ast-global-color-5)","background-image":"","background-repeat":"repeat","background-position":"center center","background-size":"auto","background-attachment":"scroll","background-type":"","background-media":"","overlay-type":"","overlay-color":"","overlay-opacity":"","overlay-gradient":""},"mobile":{"background-color":"var(--ast-global-color-5)","background-image":"","background-repeat":"repeat","background-position":"center center","background-size":"auto","background-attachment":"scroll","background-type":"","background-media":"","overlay-type":"","overlay-color":"","overlay-opacity":"","overlay-gradient":""}},"footnotes":""},"class_list":["post-259","page","type-page","status-publish","hentry"],"aioseo_notices":[],"uagb_featured_image_src":{"full":false,"thumbnail":false,"medium":false,"medium_large":false,"large":false,"1536x1536":false,"2048x2048":false},"uagb_author_info":{"display_name":"admin","author_link":"https:\/\/lesesseppes.fr\/index.php\/author\/admin\/"},"uagb_comment_info":0,"uagb_excerpt":"TEMOIGNAGES D\u00e9couvrez les t\u00e9moignages de nos vacanciers, enchant\u00e9s par leurs vacances et le rapport qualit\u00e9\/prix de nos maisons . Leurs avis refl\u00e8tent l&rsquo;exp\u00e9rience de s\u00e9jour agr\u00e9able qu&rsquo;ils ont v\u00e9cus, entre [&hellip;]","_links":{"self":[{"href":"https:\/\/lesesseppes.fr\/index.php\/wp-json\/wp\/v2\/pages\/259","targetHints":{"allow":["GET"]}}],"collection":[{"href":"https:\/\/lesesseppes.fr\/index.php\/wp-json\/wp\/v2\/pages"}],"about":[{"href":"https:\/\/lesesseppes.fr\/index.php\/wp-json\/wp\/v2\/types\/page"}],"author":[{"embeddable":true,"href":"https:\/\/lesesseppes.fr\/index.php\/wp-json\/wp\/v2\/users\/1"}],"replies":[{"embeddable":true,"href":"https:\/\/lesesseppes.fr\/index.php\/wp-json\/wp\/v2\/comments?post=259"}],"version-history":[{"count":32,"href":"https:\/\/lesesseppes.fr\/index.php\/wp-json\/wp\/v2\/pages\/259\/revisions"}],"predecessor-version":[{"id":780,"href":"https:\/\/lesesseppes.fr\/index.php\/wp-json\/wp\/v2\/pages\/259\/revisions\/780"}],"wp:attachment":[{"href":"https:\/\/lesesseppes.fr\/index.php\/wp-json\/wp\/v2\/media?parent=259"}],"curies":[{"name":"wp","href":"https:\/\/api.w.org\/{rel}","templated":true}]}}